497?
3, 5267611
List the prime factors of 347288700.
2, 3, 5, 11, 105239
What are the prime factors of 1384286998?
2, 692143499
List the prime factors of 934930474.
2, 467465237
List the prime factors of 613934743.
151, 911, 4463
What are the prime factors of 1173570961?
197, 263, 22651
What are the prime factors of 230555452?
2, 29, 1987547
List the prime factors of 8283954807.
3, 2749, 12401
List the prime factors of 609514609.
11, 677, 81847
What are the prime factors of 1211576691?
3, 13, 41, 757709
What are the prime factors of 396580991?
396580991
List the prime factors of 2006127049.
26783, 74903
List the prime factors of 4170209491.
7, 14489, 41117
List the prime factors of 330343910.
2, 5, 13, 971, 2617
What are the prime factors of 11710694?
2, 5855347
What are the prime factors of 1053563181?
3, 11, 31926157
What are the prime factors of 40029334?
2, 20014667
What are the prime factors of 4814760238?
2, 2407380119
List the prime factors of 71228569.
89, 421, 1901
List the prime factors of 146393847.
3, 1433, 11351
What are the prime factors of 518746?
2, 181, 1433
What are the prime factors of 189120496?
2, 61, 193771
List the prime factors of 47598968.
2, 47, 71, 1783
List the prime factors of 125794874.
2, 173, 363569
List the prime factors of 12245472.
2, 3, 14173
What are the prime factors of 773146422?
2, 3, 367, 117037
List the prime factors of 93715746.
2, 3, 37, 139, 3037
What are the prime factors of 906956520?
2, 3, 5, 7557971
What are the prime factors of 127680308?
2, 7, 193, 23627
What are the prime factors of 4099598993?
7, 571, 1025669
What are the prime factors of 237484517?
237484517
List the prime factors of 130442170.
2, 5, 13044217
List the prime factors of 69321813.
3, 11, 2100661
What are the prime factors of 212512071?
3, 137, 517061
List the prime factors of 118751378.
2, 79, 103, 7297
List the prime factors of 85928178.
2, 3, 7, 2045909
List the prime factors of 49236776.
2, 6154597
List the prime factors of 528586140.
2, 3, 5, 8809769
List the prime factors of 525488779.
525488779
What are the prime factors of 111681472?
2, 7, 89, 2801
What are the prime factors of 926479840?
2, 5, 11, 13, 40493
What are the prime factors of 2856944236?
2, 461, 1549319
What are the prime factors of 109522252?
2, 7, 558787
What are the prime factors of 49873743?
3, 37, 149771
What are the prime factors of 49137099?
3, 11, 1489003
List the prime factors of 212339962.
2, 17, 6245293
What are the prime factors of 2232356350?
2, 5, 7, 251, 25411
What are the prime factors of 137966522?
2, 68983261
List the prime factors of 484802487.
3, 13, 23, 257, 701
List the prime factors of 1947688230.
2, 3, 5, 64922941
List the prime factors of 1127079935.
5, 7253, 31079
List the prime factors of 48463229.
37, 1309817
List the prime factors of 92609734.
2, 7, 41, 161341
List the prime factors of 41090079.
3, 47, 291419
List the prime factors of 948193677.
3, 7829, 13457
What are the prime factors of 2962822954?
2, 7, 13, 31, 525137
List the prime factors of 8867283.
3, 2955761
What are the prime factors of 636837073?
636837073
List the prime factors of 438103214.
2, 219051607
List the prime factors of 1370649036.
2, 3, 71, 1608743
What are the prime factors of 185775187?
13, 37, 386227
What are the prime factors of 1701959522?
2, 17, 37, 43, 73, 431
List the prime factors of 903988223.
903988223
What are the prime factors of 242556566?
2, 7, 47, 7523
What are the prime factors of 774432941?
167, 4637323
What are the prime factors of 76023290?
2, 5, 7, 1086047
List the prime factors of 102163670.
2, 5, 7, 1459481
What are the prime factors of 1262582904?
2, 3, 11, 4782511
List the prime factors of 50793487.
181, 280627
List the prime factors of 49681018.
2, 24840509
List the prime factors of 2253612177.
3, 31, 8077463
What are the prime factors of 674707769?
24979, 27011
What are the prime factors of 846152366?
2, 43, 9838981
What are the prime factors of 868136565?
3, 5, 929, 62299
What are the prime factors of 67939443?
3, 11, 13, 4799
List the prime factors of 33536887.
33536887
What are the prime factors of 2943795?
3, 5, 229, 857
List the prime factors of 20802723.
3, 6934241
What are the prime factors of 279928962?
2, 3, 15551609
What are the prime factors of 147562524?
2, 3, 4098959
What are the prime factors of 34480808?
2, 1381, 3121
What are the prime factors of 3013037805?
3, 5, 337, 719, 829
List the prime factors of 2511872539.
11, 37, 823, 7499
What are the prime factors of 375097054?
2, 187548527
List the prime factors of 50636400.
2, 3, 5, 42197
What are the prime factors of 65791394?
2, 17, 503, 3847
What are the prime factors of 76302036?
2, 3, 31, 68371
List the prime factors of 1558772978.
2, 7, 10259, 10853
List the prime factors of 41246806.
2, 127, 162389
What are the prime factors of 3449108800?
2, 5, 109, 19777
List the prime factors of 24512772.
2, 3, 29, 70439
List the prime factors of 16490188.
2, 11, 13, 127, 227
List the prime factors of 593940267.
3, 5233, 12611
List the prime factors of 523165406.
2, 23, 617, 18433
List the prime factors of 191936139.
3, 7253, 8821
What are the prime factors of 68051007?
3, 1571, 4813
What are the prime factors of 610239252?
2, 3, 7, 1597, 4549
What are the prime factors of 1704227168?
2, 7, 7608157
List the prime factors of 287674635.
3, 5, 29, 661321
What are the prime factors of 526095796?
2, 97, 1355917
What are the prime factors of 2330784084?
2, 3, 79, 2458633
List the prime factors of 360137035.
5, 193, 373199
List the prime factors of 131126172.
2, 3, 241, 45341
What are the prime factors of 67327131?
3, 2531, 8867
List the prime factors of 755262953.
59, 12801067
What are the prime factors of 383180690?
2, 5, 23, 1666003
What are the prime factors of 107323470?
2, 3, 5, 1192483
List the prime factors of 1306984973.
7, 17, 10983067
What are the prime factors of 437147929?
437147929
List the prime factors of 51574316.
2, 12893579
What are the prime factors of 139824978?
2, 3, 311, 74933
What are the prime factors of 1318415415?
3, 5, 19, 4626019
List the prime factors of 210740898.
2, 3, 227, 359, 431
What are the prime factors of 50711535?
3, 5, 7, 103, 521
List the prime factors of 40577967.
3, 47, 95929
List the prime factors of 1522658046.
2, 3, 7, 13, 398393
What are the prime factors of 2057563225?
5, 82302529
What are the prime factors of 30023950?
2, 5, 11, 79, 691
List the prime factors of 1515565583.
7, 216509369
What are the prime factors of 426650785?
5, 11, 17, 127, 3593
List the prime factors of 130459547.
17, 7674091
What are the prime factors of 3239359080?
2, 3, 5, 26994659
What are the prime factors of 24771399?
3, 149, 151, 367
List the prime factors of 39605416.
2, 29, 53, 3221
List the prime factors of 498976725.
3, 5, 13, 39367
List the prime factors of 332515627.
332515627
List the prime factors of 87906679.
7, 467, 26891
What are the prime factors of 1706172617?
1706172617
What are the prime factors of 2747668214?
2, 17, 80813771
What are the prime factors of 339254374?
2, 169627187
What are the prime factors of 533260915?
5, 11, 31, 28433
What are the prime factors of 2095483993?
2095483993
List the prime factors of 38846989.
17, 199, 11483
What are the prime factors of 300593193?
3, 100197731
What are the prime factors of 113483709?
3, 47, 268283
What are the prime factors of 2757146117?
11, 487, 514681
List the prime factors of 89517678.
2, 3, 41, 167, 2179
What are the prime factors of 53936769?
3, 643, 27961
What are the prime factors of 235088297?
29, 1151, 7043
What are the prime factors of 51411800?
2, 5, 11, 23369
List the prime factors of 16299242.
2, 31, 151, 1741
List the prime factors of 76694164.
2, 2609, 7349
List the prime factors of 3646270536.
2, 3, 151927939
List the prime factors of 747580990.
2, 5, 13, 5750623
List the prime factors of 1134802771.
31, 101, 293, 1237
List the prime factors of 27884938.
2, 13942469
What are the prime factors of 409159480?
2, 5, 359, 28493
List the prime factors of 8071401.
3, 13, 43, 4813
List the prime factors of 2408675651.
17, 141686803
List the prime factors of 4209769759.
13, 61, 5308663
What are the prime factors of 67611780?
2, 3, 5, 125207
What are the prime factors of 104612141?
